x(a) = -a**3 - 10*a**2 + 3*a + 4. Let m be x(-13). Let n(l) = -940 + m + 467 - l**2 - 6*l. Determine n(-5).
4
Suppose 168 = -10*f - 10*f - 8*f. Let w(x) = 3*x**2 + 17*x + 17. Determine w(f).
23
Let t(l) = -l**2 - 6*l + 4. Let b(q) = 53 - 20 + 27*q + 3*q**2 + 2*q. Let h be b(-8). What is t(h)?
-3
Let a(b) = b**3 + 3*b**2 - 5*b + 1. Let u be ((-14)/70 - 17/(-10))*(1 + -3). Determine a(u).
16
Suppose 9*k + 22 = -24*k - 110. Let f(h) = -h**2 - 9*h - 16. Determine f(k).
4
Let o(j) = -j**3 - 2*j + 3. Let d(z) = -10*z**3 + 6*z**2 - 11*z + 68. Let y(p) = d(p) - 11*o(p). Calculate y(-5).
5
Let h = -1256 - -1261. Let z(s) = s**3 - 3*s**2 - 8*s - 1. What is z(h)?
9
Let c be -1 - ((-21)/14 - (-3)/6). Suppose 3*i = -5*l, -4*l = -5*i - c*l. Let o(x) = -x**3 + x**2 - x + 1. Give o(i).
1
Let c(y) = -y**2 - 3*y - 1. Let b(r) = -2*r**2 + 21*r + 6. Let o be 63 + -2 + -3 + 6 + -6. Let g be (-9)/(-27) + (1 - o/(-6)). Let d be b(g). Determine c(d).
-11
Let c(r) be the second derivative of -4*r**2 - 2 + 1/6*r**3 - 25*r. What is c(0)?
-8
Let w(c) be the first derivative of 17 + 2*c**3 - 1/4*c**4 - 5/2*c**2 - 5*c. Suppose -8*p = -45 + 5. What is w(p)?
-5
Suppose -3*o + x + 1 = 0, -3*o = 14*x - 12*x - 7. Let u(h) = -1 + 128*h + 8*h**2 - 128*h. Give u(o).
7
Let r(x) = -3*x + 3. Let u(m) = 2*m**2 - 27*m + 17. Let j be u(13). Suppose -w - 20 = -j*a, -15*w = a - 14*w - 10. What is r(a)?
-15
Let q(m) = -m**2 + 4*m - 3. Suppose 11*v - 465 = -20*v. Suppose v*d = 13*d + s - 4, 4 = d - 2*s. Calculate q(d).
-35
Let u(s) be the third derivative of s**6/120 + s**5/60 - s**4/3 - 5*s**3/6 + 561*s**2 - 1. Calculate u(-3).
1
Let c(z) be the second derivative of -4*z**3 + 27*z**2/2 - 1978*z. Give c(1).
3
Let y(u) = -u**3 - u**2 + 2*u + 5. Let j be y(0). Let m(d) = -2*d + 8. Let a(t) = -4*t + 15. Let b(r) = -4*a(r) + 7*m(r). Give b(j).
6
Let l(p) = -18*p - 11. Let w be l(-5). Let m = w - 84. Let b(a) be the first derivative of a**2/2 + 5*a - 6. What is b(m)?
0
Let p be 1508/(-6) - 25/15. Let a = p - -254. Let w(d) = 28*d**3 - d + 1. Calculate w(a).
28
Let u(x) = x**2 + 0 + 20 - 10 + 8*x. Let y be u(-3). Let f(w) = 4*w + 7. Let m(g) = -5*g - 11. Let c(i) = 4*f(i) + 3*m(i). Determine c(y).
-10
Let t(m) = m**3 - 7*m**2 - 11*m - 5. Suppose 680*b - 24 = 679*b + 3*g, -4*g + 25 = 5*b. What is t(b)?
58
Let u(q) be the first derivative of 186 - 40*q**2 - q + 22*q**2 + 23*q**2. Give u(1).
9
Let g(s) = -s**3 + 6*s**2 + 16*s + 2. Let t(y) = 2*y**2 - 87*y + 951. Let a be t(23). What is g(a)?
2
Let d = 1 + -1. Let g(j) be the first derivative of -j**3/3 + j**2/2 + 19629. Calculate g(d).
0
Let q(f) = -2*f**3 - 18*f**2 - 14*f - 349. Let k be q(-10). Let x(b) = -b**2 - 11*b + 2. What is x(k)?
20
Suppose a - 21 = -6*a. Let d be 3 - (-25)/(-5) - a. Let v(b) = -10*b + 5 + b**2 + 11*b + 3*b. Determine v(d).
10
Let g(s) = 4*s**2 + 9*s + 7. Let p = 12109 + -12110. Calculate g(p).
2
Let c be 46 + -49 - 1/(2/(-94)). Let w(h) = 30 - c + h + 30 + 0*h. Give w(-10).
6
Suppose -s = -2*j + 8, 0*s - 4*s = 3*j - 1. Let x = s - -5. Let c(d) = 21 + 8*d**2 - d**x - 55 + 3*d + 23. Calculate c(8).
13
Let k(v) = -8 + 0*v - 1 + v + 2. Let b(u) = 9*u + 28. Let n be b(21). Let m = -214 + n. Determine k(m).
-4
Let l(f) = 3*f**2 + 60*f - 61. Let p be l(1). Let r(z) = 4*z - 9. Calculate r(p).
-1
Let k(r) = 7 + 3*r**2 - 8543*r + r**3 + r**2 + 4274*r + 4256*r - 39. What is k(-5)?
8
Let k = 5 + -5. Let p(r) = 339*r + 56. Let a(u) = 185*u + 31. Let i(s) = -11*a(s) + 6*p(s). What is i(k)?
-5
Let v(m) = 2*m + 6816 - 1704 - 1704 + 2*m**2 - 1703 - 1702. Let c(b) = 2*b**3 - b**2 - b. Let j be c(-1). Determine v(j).
7
Let p(m) = m**3 + 4*m**2 + m + 7. Let f(v) = 4. Suppose -5*t - 4*j - 22 = 0, 5*j = -t - 0*j - 17. Let q(k) = t*f(k) + p(k). Determine q(-4).
-5
Let v = -1 - -1. Let l(u) = u + 14. Let z(b) = -b**2 - 7*b - 92. Let g(j) = -7*l(j) - z(j). Calculate g(v).
-6
Suppose 0 = 4*a + 2*a - 738. Let o = 305 - 429. Let m = a + o. Let x(n) = -14*n**2 + 2*n + 1. Determine x(m).
-15
Let q(d) = -8*d**2 + d - 1. Let l be q(1). Let z(o) = 22*o**2 + 14*o + 11. Let k(s) = 7*s**2 + 2*s + 2. Let u(p) = -3*k(p) + z(p). Give u(l).
5
Let l(q) = q**3 + 2*q**2 - 4*q + 1. Suppose -4*m - 4 = -2*m. Suppose n = o - 2, 3*o + 5*n + 6 = 2*n. Let a be (o - 4) + m/(-2). Calculate l(a).
4
Let c be ((-20)/(-15))/(4/(-18)). Let z(b) = 11*b + 12. Let v(u) = -168*u - 182. Let w(r) = 6*v(r) + 91*z(r). What is w(c)?
42
Let y(d) = -11*d + 413. Let j be -6*(-6)/(-63)*(-1729)/26. Determine y(j).
-5
Suppose d = -45*d + 43 + 3. Let h(p) = 19*p**3 - 3*p**2 + 2. Give h(d).
18
Let g(o) = -o + 1. Let r(c) = 6*c + 7. Let v(t) = -67*t + 2746. Let q be v(41). Let k be (3/2)/((-1)/(-4)). Let l(y) = k*g(y) + q*r(y). Give l(-2).
23
Let s(c) = -c**3 - c**2 + c + 1. Let x be (-1)/2 - ((-69)/6 - -2). Suppose -48 = -12*d + x*d. Suppose -14*u = 16 - d. Determine s(u).
1
Let r = 55 - 55. Suppose r*i = 5*t - 3*i - 9, 5*i = t + 7. Let w(h) = 7 + 2*h**2 - 6*h - 6*h**2 + t*h + 8*h**2 + h**3. Determine w(-5).
-3
Suppose 22*u + 38*u + 506 = 146. Let d(c) = -c + 9. Let a be d(7). Let k(x) = -1 + 1 + 1 + x + a. Calculate k(u).
-3
Let u(m) = -10*m + 62*m + 1 - 33*m - 3 - 2*m. Give u(-1).
-19
Let x(c) = c**2 + 6*c**3 + 0*c**2 - 3*c**2 + 257653*c - 257654*c. Calculate x(-1).
-7
Let b(r) = -1219 + 1211 + 0*r + 13*r**2 - 10*r. Let f(z) = 14*z**2 - 12*z - 10. Let c(n) = 5*b(n) - 4*f(n). Give c(-2).
40
Let t(b) = b**3 + 3*b**2 - 4*b - 6. Let w be t(-4). Let d = 315 + -64. Let s(v) = 252*v + 11 - 4 - d*v. Determine s(w).
1
Let j(q) = q**3 - 4*q**2 - 8*q - 7. Suppose -22 = -5*n + 115*o - 113*o, 4*o = n - 8. Determine j(n).
-39
Let u(k) = -14*k**2 + 74*k - 71. Let m(y) = -5*y**2 + 28*y - 24. Let p(d) = 11*m(d) - 4*u(d). What is p(-18)?
128
Let i(l) = -4*l - 5*l - 6 + 3296*l**2 - 3297*l**2. Let o(u) = u**2 + 4*u - 2. Let t be o(3). Let m = -27 + t. Give i(m).
2
Let q be ((-80)/4 - (30 - 22)) + 1. Let z(m) = 2*m**2 + 65*m + 306. Give z(q).
9
Suppose 5*u = -18 + 8. Let r(x) = 67*x**2 - 18*x - 9. Let p(l) = 38*l**2 - 10*l - 5. Let s(m) = 7*p(m) - 4*r(m). Calculate s(u).
-11
Let p(a) = 4*a + 7. Let n be ((-26)/39)/(1/12). Let c be (62/(-4))/(1/n*-4). Let h = c + 26. Determine p(h).
-13
Let i(o) = -o + 30. Suppose -2*a - 8 = 12*p - 14*p, -4*p + 3*a + 16 = 0. Determine i(p).
26
Let h(m) = m**2 + 28*m + 79. Suppose 2*o = -5*p - 16 + 42, 3*o - 5*p + 61 = 0. Determine h(o).
-68
Suppose 4*u - 6 = 34. Suppose 51 = u*w + 1. Let k(m) = 6 - 94*m - 95*m + 188*m. Determine k(w).
1
Let j(t) = t**2 - 66*t - 206. Let q be j(-3). Let k(y) = -74*y**3 - y**2 + y - 1. Give k(q).
-75
Let j(z) be the second derivative of -4*z**5/5 - z**4/4 - 7*z**3/6 - 2*z**2 - 14*z + 206. What is j(-2)?
126
Let t(f) = -f**3 + 5*f**2 - 3*f - 4. Let p be 54/15*(22/(-33) + 4). Let s(g) = g**2 + g + 2. Let j be s(-2). Let u be 8/p*(10 - j). Calculate t(u).
0
Let q = -313 + 319. Let y be (-4 - q/(-2))*21/7. Let z(m) = -m - 2. Give z(y).
1
Let s(z) be the first derivative of 8*z + 56 - z**2 + 76 - 157. Give s(6).
-4
Let g(o) = 3*o - 11. Let y be (612/84 + -8)/((-12)/(-14) + -1). What is g(y)?
4
Let n = 301 - 296. Suppose n*t - 3*p + 15 = -7*p, -p = 4*t + 12. Let x(g) = g**3 + 3*g**2 + 3*g. Give x(t).
-9
Let f(m) = -23*m - 4 - 4*m**2 - 25*m**3 + m**2 + 18 - 51*m**3 + 77*m**3. Give f(6).
-16
Suppose 4*w = 2*m - 6, 7*w - 3*w = 5*m - 21. Let l(o) = 5*o + 12. Suppose -50 = 10*s + 15*s. Let f(z) = -z - 2. Let g(k) = s*l(k) - 11*f(k). Give g(w).
-1
Let r(j) be the first derivative of j**3/3 + 7*j**2 + 8*j + 312. Give r(-13).
-5
Let q(o) = o**3 + 8*o**2 - 10*o - 1. Suppose -4*y = 164 - 504. Suppose 5*d - 7 = v - 0*v, 0 = 5*v + 5*d - y. Suppose 5 + v = -2*u. Determine q(u).
8
Let x(v) = v**2 - 5*v + 1. Let t be (-1560)/(-46) + (-26)/(-299). Let o be t/10 + (-30)/(-50). Determine x(o).
-3
Let j(k) = -k**3 - k**2 + k - 37. Suppose 81 = 2*q - 369. Let f = q + -225. Determine j(f).
-37
Let n(v) be the second derivative of -38 + v - 2*v**2 - 4/3*v**3. Suppose -7 = 5*s - 2*t, 5*s = -0*t - 2*t - 23. Determine n(s).
20
Let t(k) = -k**3 + 5*k**2 + 18*k - 23. Let x be t(7). Let l(w) = 0*w + w + 3*w + 0*w - x*w + 16. Give l(6).
10
Let l(x) = 20*x**3 - x**2 + 2. Let o be 2/(-2) + 10/15*3. What is l(o)?
21
Suppose 144*u + 461 + 244 = -447. Let w(y) = -y**3 - 7*y**2 + 10*y 